te the greatest common factor of 12 and m.
12
Suppose -3*k + 143 = -c, c = -2*k + 23 + 74. Let t(l) = l**3 - 4*l**2 - 3*l + 2. Let o be t(5). Calculate the greatest common factor of k and o.
12
Let p = 12 + -6. Let u = 2 - -1. What is the greatest common divisor of p and u?
3
Suppose -4*o + 4*a = -196, -8*o - 3*a - 96 = -10*o. Calculate the greatest common factor of o and 34.
17
Let c(s) = s**3 + 8*s**2 - 2*s - 1. Let x be c(-8). Calculate the greatest common divisor of x and 75.
15
Let j(b) = -b**3 + 10*b**2 - 8*b + 11. Let f be j(8). What is the greatest common factor of f and 30?
15
Suppose 2*i = 4*r - 16, -5*i + 3*r + 1 = 6. Suppose 0 = -g + i. What is the greatest common factor of 5 and g?
1
Let d be 1/(-2)*(-8 - 0) - -77. What is the highest common factor of 18 and d?
9
Suppose 0*n - 16 = 4*n, 2*a = -4*n - 4. Let h be 1 + -1 + 0 - -3. What is the highest common divisor of a and h?
3
Let y(s) = -5*s**3 + s**2 + 2*s + 1. Let v be y(-1). What is the highest common factor of v and 5?
5
Let w(u) = -u**3 - 4*u**2 + 2*u - 11. Let s be w(-5). What is the greatest common factor of 12 and s?
4
Let z(s) = -2*s - 4. Let y be z(-11). Calculate the highest common divisor of 6 and y.
6
Let a be 8/(-3)*6*-1. Suppose -4*p = -4*v + 36, 2*p + 9 = 3*v - a. Calculate the highest common factor of v and 21.
7
Let r(f) = 16*f**3 + f**2 + f - 1. Let o be r(1). Let y = 44 - o. Let p = -11 + y. What is the greatest common factor of 24 and p?
8
Suppose 22 = u + 10. What is the highest common divisor of u and 108?
12
Let q = -57 - -92. Calculate the highest common factor of 7 and q.
7
Suppose -5*k = -97 - 43. Let l = 24 - 3. Suppose 0*z = 3*z - l. Calculate the greatest common divisor of z and k.
7
Suppose 2*b - a = 52, 0*b + 78 = 3*b + 2*a. What is the greatest common divisor of b and 130?
26
Suppose 4*h - 75 = -c + 3*h, -3*h + 9 = 0. What is the highest common factor of 9 and c?
9
Suppose 2*t - 88 = -k + 12, -3*k - 5*t = -295. What is the highest common factor of k and 30?
30
Let y(b) = -b**2 + 5*b - 3. Let m be y(3). Suppose 5*q + 35 = 5*t, q + 2 + 8 = 2*t. Calculate the greatest common divisor of m and t.
3
Suppose -3*f + 27 = -0*f. Let o(k) = 2*k**2 - 9*k - 90. Let j be o(-6). Calculate the highest common factor of j and f.
9
Suppose -2*a = a - 195. Calculate the highest common factor of a and 26.
13
Let p be (-21)/2*(-16)/12. Suppose 3*m = m + p. Suppose 5*k - 65 - 36 = -2*y, -2*y = 4. Calculate the highest common divisor of k and m.
7
Let a = 113 - 64. Suppose 6 = -c - 5*j + 21, -4*c + 4*j = -12. Suppose -c = -2*x + 9. Calculate the highest common factor of a and x.
7
Let h = 20 - 27. Let c(t) = -t**3 - 4*t**2 + t + 2. Let a be c(-4). Let p be (-128)/(-7) - a/h. Calculate the greatest common divisor of 2 and p.
2
Let x = 12 - 6. Let v = 34 - 19. Suppose 4*u - v = 153. Calculate the highest common factor of u and x.
6
Let c(u) = u**2 - 5*u + 2. Let y be c(4). Let h be y - 1/((-2)/40). Let w = 333 + -135. Calculate the highest common factor of h and w.
18
Let q be (3/2)/((-2)/(-4)). Let i = q + -1. Let v = 14 + 4. Calculate the greatest common factor of v and i.
2
Let d(i) = -5*i**2 - i. Let m be d(-1). Let c = 7 + m. What is the highest common divisor of c and 1?
1
Suppose 8 = -5*z + 4*n + 132, -3*z + 73 = -n. What is the greatest common divisor of z and 24?
24
Let z = 23 + -18. Suppose -2*u + 0*h - z*h + 60 = 0, u - 36 = -4*h. What is the highest common factor of 220 and u?
20
Let j(s) = -s**3 - 3*s**2 - 3*s - 1. Let f be j(-3). Calculate the highest common divisor of 72 and f.
8
Let k be (2 - (2 - 2)) + -2. Let y = 2 - k. Suppose -3*m + 62 = -4. What is the highest common factor of m and y?
2
Let r = -141 + 291. Calculate the greatest common divisor of 30 and r.
30
Suppose 4*c = -7 + 23. Suppose 0*y + c*y - 102 = -2*v, -5*y + 140 = 5*v. Calculate the highest common divisor of y and 161.
23
Suppose 38 = 5*z - 7. Calculate the greatest common factor of 36 and z.
9
Suppose -p = -3, -3*d - 2*p - 2*p + 15 = 0. Let k be (-7)/7*(d + -4). What is the highest common divisor of k and 3?
3
Let p = -8 + 6. Let g be -1*p*(-13)/(-2). What is the highest common factor of g and 65?
13
Let q(k) = -k**2 - 7*k - 2. Let i be q(-6). Suppose i*d - 281 = 119. What is the greatest common divisor of 40 and d?
20
Suppose 0 = 2*y - 3*z - 16, -3*y + 6*y - 25 = 4*z. Calculate the greatest common divisor of y and 88.
11
Let f be (27 + -6)*1/3. Let s = f + -1. Calculate the highest common factor of s and 18.
6
Suppose 3*f = 10*f - 98. What is the highest common divisor of 112 and f?
14
Let a = 26 + -26. Suppose -5*o + 2*l = 3*l - 27, -4*o - 2*l + 18 = a. Suppose v - 132 = -v. Calculate the highest common factor of v and o.
6
Let i = 19 + -18. What is the highest common divisor of i and 3?
1
Suppose 0 = -o - 10 + 19. What is the greatest common divisor of o and 63?
9
Let p(i) = -i**3 - 11*i**2 - 10*i + 21. Let g be p(-10). Calculate the greatest common divisor of g and 3.
3
Let w be 8/20 - (-76)/10. Let h be (-310)/(-8) - (-2)/w. Let q be ((-104)/10)/((-22)/55). What is the greatest common factor of q and h?
13
Let d be -1 + (7 - 6) + 5 - -4. Let k(o) = 2*o**2 + o. Let g be k(-1). What is the highest common factor of g and d?
1
Suppose -269 = -8*s + 235. Let d be 23/3 - 10/15. Calculate the highest common divisor of s and d.
7
Suppose 3*y - 37 + 11 = -2*h, 2*h = y + 18. Suppose -3*b + 4*b - h = 0. Suppose -i - 80 = -2*i. What is the highest common divisor of i and b?
10
Let b(s) = -14*s**3 + s**2 + 2*s + 1. Let f be b(-1). Suppose -m - 43 = 5*p, -4*p + m + 2*m = 23. Let r = p - -43. What is the highest common factor of f and r?
7
Let y = -2 + 7. Suppose 3*c + 68 = 4*p, 5*c - 13 = -2*p - y. What is the highest common factor of p and 21?
7
Let m(v) = 2*v + 38. Let c be m(-16). Let l be ((-2)/(-3))/((-1)/(-9)). What is the highest common factor of c and l?
6
Let i(d) = 4*d - 19. Let z be i(13). What is the highest common divisor of 11 and z?
11
Suppose 3*i - 22 = 5. Suppose 4*n - 72 = 112. Suppose -2*k + n + 26 = 0. What is the highest common divisor of k and i?
9
Let t(d) = -5*d - 34. Let g be t(-10). Let b(q) = 2*q - 4. Let o be b(6). What is the greatest common factor of g and o?
8
Suppose 4*o = 5*j - 55, -j - o - 4*o = -40. Suppose -5*g + 6*g = j. Calculate the highest common factor of g and 3.
3
Suppose 4*t - 32 = 4*r, -t - 2*r = 3*r - 2. What is the greatest common divisor of 35 and t?
7
Let q(c) = -c**3 - 7*c**2 - c - 3. Let a be q(-7). Let d = 3 + 1. Suppose 3*v - d*x - 160 = -v, 60 = v + 4*x. Calculate the highest common divisor of v and a.
4
Suppose 4*d - 2*x - 14 = 0, 3*d = x + x + 12. Suppose -4*k + 0*m = d*m - 12, 2*k = -5*m + 6. Calculate the highest common factor of k and 21.
3
Suppose 7*j + 59 = 409. What is the highest common factor of j and 10?
10
Let c be 2/(14/12 - 1). Let s = -14 - -19. Suppose 2*y + 192 = s*u + 6, 3*y = 4*u - 153. Calculate the highest common divisor of c and u.
12
Let j = -64 + 211. Let x be ((-9)/6)/((-3)/42). Calculate the greatest common factor of j and x.
21
Let g be ((-25)/15)/((-2)/6). Suppose -3*n + 256 = n + 4*v, -g*v - 128 = -2*n. Let m be (2*1)/((-2)/(-16)). Calculate the highest common divisor of m and n.
16
Let b be (1 - 6)*20/(-25). Suppose 0 = -o + 25 - b. What is the highest common factor of o and 14?
7
Let b = -18 - -12. Let i(t) = -46*t - 9. Let g be i(b). Let y be (-3)/2 + g/2. What is the highest common divisor of y and 12?
12
Let r(y) = y**3 + 23*y**2 - y - 22. Let u be r(-23). What is the greatest common divisor of u and 3?
1
Let x = 7 - 5. Let d be 1/x + (-9)/(-2). Suppose d*k - 165 = -5*c, -2*k + 0*k + 4*c = -66. What is the greatest common factor of k and 3?
3
Let g(x) = 5*x**3 - x**2. Let m be 2/9 - 75/(-27). Let w be g(m). Let z = 177 - w. Calculate the greatest common divisor of z and 17.
17
Let w(a) = 2*a. Let j be w(6). Suppose -4*m + 8 = -3*i + i, m = -2*i - 23. Let x = i - -22. Calculate the greatest common factor of x and j.
12
Suppose -2*c + 188 = -4*k, 0 = 5*c - 0*c - 5*k - 495. Calculate the highest common divisor of c and 13.
13
Let v = 12 - -14. Suppose -33 = -n + 4*p, 5*n + 7*p - 2*p = 65. Let b = -4 + n. What is the highest common factor of v and b?
13
Let z(c) = 2*c + 11. Let a be z(9). What is the highest co